{"id":25465,"date":"2017-09-12T10:35:52","date_gmt":"2017-09-12T08:35:52","guid":{"rendered":"http:\/\/www.kinodvor.org\/?post_type=pedagogical_material&#038;p=25465"},"modified":"2017-09-12T10:35:52","modified_gmt":"2017-09-12T08:35:52","slug":"jakec-naroci-bratca","status":"publish","type":"pedagogical_material","link":"https:\/\/www.kinodvor.org\/en\/gradivo-za-ucitelje-in-starse\/jakec-naroci-bratca\/","title":{"rendered":"Jakec naro\u010di bratca"},"content":{"rendered":"","protected":false},"excerpt":{"rendered":"<p>avtorice Elise Van Beurden, Marina Kataleni\u0107, mag. Darja Lavren\u010di\u010d, Ida Mlakar<\/p>\n","protected":false},"featured_media":0,"template":"","acf":[],"_links":{"self":[{"href":"https:\/\/www.kinodvor.org\/en\/wp-json\/wp\/v2\/pedagogical-material\/25465"}],"collection":[{"href":"https:\/\/www.kinodvor.org\/en\/wp-json\/wp\/v2\/pedagogical-material"}],"about":[{"href":"https:\/\/www.kinodvor.org\/en\/wp-json\/wp\/v2\/types\/pedagogical_material"}],"wp:attachment":[{"href":"https:\/\/www.kinodvor.org\/en\/wp-json\/wp\/v2\/media?parent=25465"}],"curies":[{"name":"wp","href":"https:\/\/api.w.org\/{rel}","templated":true}]}}

Jakec naroči bratca

<p>avtorice Elise Van Beurden, Marina Katalenić, mag. Darja Lavrenčič, Ida Mlakar</p>
