{"id":8269,"date":"2020-06-03T09:32:46","date_gmt":"2020-06-03T07:32:46","guid":{"rendered":"http:\/\/localhost\/apps\/kinodvor\/index.php\/film\/proletarska-zimska-pravljica\/"},"modified":"2020-06-03T10:02:12","modified_gmt":"2020-06-03T08:02:12","slug":"proletarska-zimska-pravljica","status":"publish","type":"movie","link":"https:\/\/www.kinodvor.org\/en\/film\/proletarska-zimska-pravljica\/","title":{"rendered":"Proletarska zimska pravljica"},"content":{"rendered":"<p>Trije mladi Gruzijci naj bi po\u010distili gra\u0161\u010dino, kjer nem\u0161ki proizvajalec oro\u017eja za izbrance pripravlja razstavo svoje umetni\u0161ke zbirke. Ko opravijo delo, se za\u010dno poigravati z mislijo, da bi se tudi sami udele\u017eili sprejema. Toda predstavniki dru\u017ebene elite jim dajo jasno in nedvoumno vedeti, da je delavski razred v njihovi dru\u017ebi neza\u017eelen in da je njegov prostor spodaj, v tema\u010dnih kletnih prostorih. Pa vendar \u2013 \u017ee prav baha\u0161ko oblo\u017eene mize zapeljujejo in dra\u017eijo brbon\u010dice, predvsem pa kli\u010dejo k odlo\u010dni in brezkompromisni zavrnitvi krivi\u010dnih in vsiljenih \u00bbpravil\u00ab razredne dru\u017ebe. Saj se je vendar tudi francoska revolucija za\u010dela zaradi \u00bbroglji\u010dka\u00ab!<\/p>\n<p>\u00bbMorda je treba navidezno kompleksnost neoliberalne dru\u017ebe obravnavati z utopi\u010dno naivnostjo. Z navidezno preprostostjo prvih filmov. S formalisti\u010dno komedijo. S proletarsko zimsko pravljico.\u00ab (Julian Radlmaier)<\/p>\n<p><strong>Julian Radlmaier<br \/><\/strong>Rojen 1984 v N\u00fcrnbergu, Nem\u010dija. Po \u0161tudiju teorije filma in umetnostne zgodovine (v Berlinu in Parizu) je kot asistent re\u017eije sodeloval z Wernerjem Schroeterjem, obenem pa tudi prevedel in uredil teoretska razmi\u0161ljanja francoskega filozofa Jacquesa Ranci\u00e8rja. Leta 2009 je na berlinski Akademiji za film in televizijo vpisal \u0161e \u0161tudij re\u017eije. <strong>Proletarska zimska pravljica<\/strong><strong> <\/strong>je njegov celove\u010derni prvenec.<\/p>\n<p><strong>filmografija<br \/><\/strong>2010 The Tramp (kratki)<br \/>2011 Der Aufstand der Plebejer (kratki)<br \/>2013 Ein Gespenst geht um in Europa (A Spectre Is Haunting Europe) (kratki)<br \/>2014 Ein proletarisches Winterm\u00e4rchen (A Proletarian Winter&#8217;s Tale\/Proletarska zimska pravljica)<\/p>\n","protected":false},"excerpt":{"rendered":"<p>Shakespearjansko obarvana in prevratni\u0161ko navdahnjena kritika neolibralnega zatiranja delavstva, tragikomedija o zarotni\u0161tvu oblastnikov ter predvsem iskren poklon lenobi, ki v najbolj skrajnih oblikah postane oro\u017eje dru\u017ebenega upora.<\/p>\n","protected":false},"featured_media":8270,"template":"","meta":[],"acf":[],"_links":{"self":[{"href":"https:\/\/www.kinodvor.org\/en\/wp-json\/wp\/v2\/movies\/8269"}],"collection":[{"href":"https:\/\/www.kinodvor.org\/en\/wp-json\/wp\/v2\/movies"}],"about":[{"href":"https:\/\/www.kinodvor.org\/en\/wp-json\/wp\/v2\/types\/movie"}],"wp:featuredmedia":[{"embeddable":true,"href":"https:\/\/www.kinodvor.org\/en\/wp-json\/wp\/v2\/media\/8270"}],"wp:attachment":[{"href":"https:\/\/www.kinodvor.org\/en\/wp-json\/wp\/v2\/media?parent=8269"}],"curies":[{"name":"wp","href":"https:\/\/api.w.org\/{rel}","templated":true}]}}

<p>Trije mladi Gruzijci naj bi počistili graščino, kjer nemški proizvajalec orožja za izbrance pripravlja razstavo svoje umetniške zbirke. Ko opravijo delo, se začno poigravati z mislijo, da bi se tudi sami udeležili sprejema. Toda predstavniki družbene elite jim dajo jasno in nedvoumno vedeti, da je delavski razred v njihovi družbi nezaželen in da je njegov prostor spodaj, v temačnih kletnih prostorih. Pa vendar – že prav bahaško obložene mize zapeljujejo in dražijo brbončice, predvsem pa kličejo k odločni in brezkompromisni zavrnitvi krivičnih in vsiljenih »pravil« razredne družbe. Saj se je vendar tudi francoska revolucija začela zaradi »rogljička«!</p>
<p>»Morda je treba navidezno kompleksnost neoliberalne družbe obravnavati z utopično naivnostjo. Z navidezno preprostostjo prvih filmov. S formalistično komedijo. S proletarsko zimsko pravljico.« (Julian Radlmaier)</p>
<p><strong>Julian Radlmaier<br /></strong>Rojen 1984 v Nürnbergu, Nemčija. Po študiju teorije filma in umetnostne zgodovine (v Berlinu in Parizu) je kot asistent režije sodeloval z Wernerjem Schroeterjem, obenem pa tudi prevedel in uredil teoretska razmišljanja francoskega filozofa Jacquesa Rancièrja. Leta 2009 je na berlinski Akademiji za film in televizijo vpisal še študij režije. <strong>Proletarska zimska pravljica</strong><strong> </strong>je njegov celovečerni prvenec.</p>
<p><strong>filmografija<br /></strong>2010 The Tramp (kratki)<br />2011 Der Aufstand der Plebejer (kratki)<br />2013 Ein Gespenst geht um in Europa (A Spectre Is Haunting Europe) (kratki)<br />2014 Ein proletarisches Wintermärchen (A Proletarian Winter&#8217;s Tale/Proletarska zimska pravljica)</p>

<p>Shakespearjansko obarvana in prevratniško navdahnjena kritika neolibralnega zatiranja delavstva, tragikomedija o zarotništvu oblastnikov ter predvsem iskren poklon lenobi, ki v najbolj skrajnih oblikah postane orožje družbenega upora.</p>
