{"id":399804,"date":"2026-05-07T08:33:00","date_gmt":"2026-05-07T06:33:00","guid":{"rendered":"https:\/\/www.kinodvor.org\/film\/v-adamovem-interesu\/"},"modified":"2026-05-07T08:49:56","modified_gmt":"2026-05-07T06:49:56","slug":"v-adamovem-interesu","status":"publish","type":"movie","link":"https:\/\/www.kinodvor.org\/en\/film\/v-adamovem-interesu\/","title":{"rendered":"V Adamovem interesu"},"content":{"rendered":"<p>Pediater Na\u00efm je tik pred tem, da se pri 65 letih upokoji in se umakne z mesta vodje bolni\u0161ni\u010dnega oddelka. Potem pa je soo\u010den z nujnim primerom \u0161tiriletnega Adama, ki ga je njegova mati hranila samo s semeni in sadjem. Na\u00efm je prepri\u010dan, da je lo\u010ditev od matere v fantkovo dobro, pa \u010deprav je njegova edina preostala dru\u017einska vez o\u010de, ki se izogiba star\u0161evskim obveznostim. Pediater se, pre\u017eet z dvomom in krivdo, odlo\u010di, da bo materi brez posvetovanja s sodnikom dovolil obiskati sina. Ne zaveda pa se, da ima mati svoje na\u010drte\u2026 <\/p>\n<p>\u00bbDobro otroka je izhodi\u0161\u010de za raziskovanje moralnega in \u010dlove\u0161kega konflikta pediatra ob soo\u010denju z materjo, ki no\u010de priznati, da bi njena ideolo\u0161ka prepri\u010danja lahko ogrozila \u017eivljenje lastnega otroka. Z zgodbo \u017eelim pripovedovati o posledicah zdravni\u0161ke odlo\u010ditve na otrokovo usodo. \u017divljenje pediatra, ki se \u010duti odgovornega za posledice te odlo\u010ditve, se bo postavilo na glavo in pod vpra\u0161aj. Zgodbo \u017eelim umestiti v dru\u017ebo, ki spodbuja \u010dlovekovo dobro, in prikazati, kako lahko zdravstveno stanje razkrije neko dru\u017ebeno problematiko.\u00ab (Laura Wandel)<\/p>\n<p><strong>Laura Wandel<br \/><\/strong>Rojena leta 1984 v Bruslju (Belgija). \u0160tudirala je na belgijskem in\u0161titutu IAD. Njen \u0161tudijski film <strong>Murs<\/strong> se je uvrstil na \u0161tevilne festivale po svetu. Po prvem kratkem filmu <strong>O n\u00e9gatif<\/strong> (2011) je leta 2014 posnela \u0161e <strong>Les corps \u00e9trangers<\/strong>, ki se je uvrstil v tekmovalni program festivala v Cannesu. S celove\u010dernim prvencem <strong>Igri\u0161\u010de<\/strong> je osvojila nagrado FIPRESCI v sklopu Posebni pogled v Cannesu.<\/p>\n","protected":false},"excerpt":{"rendered":"<p>Zdravni\u0161ki primer postavi na preizku\u0161njo eti\u010dni \u010dut izku\u0161enega pediatra in nastavi zrcalo celotni dru\u017ebi. <\/p>\n","protected":false},"featured_media":399805,"template":"","meta":[],"acf":[],"_links":{"self":[{"href":"https:\/\/www.kinodvor.org\/en\/wp-json\/wp\/v2\/movies\/399804"}],"collection":[{"href":"https:\/\/www.kinodvor.org\/en\/wp-json\/wp\/v2\/movies"}],"about":[{"href":"https:\/\/www.kinodvor.org\/en\/wp-json\/wp\/v2\/types\/movie"}],"wp:featuredmedia":[{"embeddable":true,"href":"https:\/\/www.kinodvor.org\/en\/wp-json\/wp\/v2\/media\/399805"}],"wp:attachment":[{"href":"https:\/\/www.kinodvor.org\/en\/wp-json\/wp\/v2\/media?parent=399804"}],"curies":[{"name":"wp","href":"https:\/\/api.w.org\/{rel}","templated":true}]}}

<p>Pediater Naïm je tik pred tem, da se pri 65 letih upokoji in se umakne z mesta vodje bolnišničnega oddelka. Potem pa je soočen z nujnim primerom štiriletnega Adama, ki ga je njegova mati hranila samo s semeni in sadjem. Naïm je prepričan, da je ločitev od matere v fantkovo dobro, pa čeprav je njegova edina preostala družinska vez oče, ki se izogiba starševskim obveznostim. Pediater se, prežet z dvomom in krivdo, odloči, da bo materi brez posvetovanja s sodnikom dovolil obiskati sina. Ne zaveda pa se, da ima mati svoje načrte… </p>
<p>»Dobro otroka je izhodišče za raziskovanje moralnega in človeškega konflikta pediatra ob soočenju z materjo, ki noče priznati, da bi njena ideološka prepričanja lahko ogrozila življenje lastnega otroka. Z zgodbo želim pripovedovati o posledicah zdravniške odločitve na otrokovo usodo. Življenje pediatra, ki se čuti odgovornega za posledice te odločitve, se bo postavilo na glavo in pod vprašaj. Zgodbo želim umestiti v družbo, ki spodbuja človekovo dobro, in prikazati, kako lahko zdravstveno stanje razkrije neko družbeno problematiko.« (Laura Wandel)</p>
<p><strong>Laura Wandel<br /></strong>Rojena leta 1984 v Bruslju (Belgija). Študirala je na belgijskem inštitutu IAD. Njen študijski film <strong>Murs</strong> se je uvrstil na številne festivale po svetu. Po prvem kratkem filmu <strong>O négatif</strong> (2011) je leta 2014 posnela še <strong>Les corps étrangers</strong>, ki se je uvrstil v tekmovalni program festivala v Cannesu. S celovečernim prvencem <strong>Igrišče</strong> je osvojila nagrado FIPRESCI v sklopu Posebni pogled v Cannesu.</p>

<p>Zdravniški primer postavi na preizkušnjo etični čut izkušenega pediatra in nastavi zrcalo celotni družbi. </p>
