{"id":107502,"date":"2020-01-03T13:03:32","date_gmt":"2020-01-03T12:03:32","guid":{"rendered":"https:\/\/www.kinodvor.org\/film\/kaj-bos-storil-ko-bo-sel-svet-k-vragu\/"},"modified":"2020-01-03T13:44:52","modified_gmt":"2020-01-03T12:44:52","slug":"kaj-bos-storil-ko-bo-sel-svet-k-vragu","status":"publish","type":"movie","link":"https:\/\/www.kinodvor.org\/en\/film\/kaj-bos-storil-ko-bo-sel-svet-k-vragu\/","title":{"rendered":"Kaj bo\u0161 storil, ko bo \u0161el svet k vragu?"},"content":{"rendered":"<p>Kontrastna \u010drno-bela fotografija ne zmanj\u0161uje sporo\u010dilne mo\u010di v najrevnej\u0161ih predelih t. i. <em>bible belta<\/em>. Minervini je potreboval veliko \u010dasa, da mu je lokalna temnopolta skupnost, zaznamovana s travmati\u010dnima izku\u0161njama (orkanom Katrina 2005 in policijskim ubojem mladeni\u010da 2016) izkazala zaupanje; nastal je neposreden in v\u010dasih \u0161okanten portret popolnoma zapostavljene in segregirane temnopolte skupnosti, ljudi globoko pod pragom rev\u0161\u010dine, katere \u010dlani sku\u0161ajo z zdru\u017eevanjem in lokalnimi iniciativami ohraniti osnovno \u010dlove\u0161ko dostojanstvo.<\/p>\n<p>\u00bbUpodobil sem zgodbe o ameri\u0161kem Jugu, ki so se pred mojimi o\u010dmi dogajale v nepri\u010dakovane smeri. Dokumentiral sem skupnosti dana\u0161nje ameri\u0161ke dru\u017ebe, v katerih je bilo seme protiinstitucionalnega, nazadnja\u0161kega gneva (ki je dr\u017eavo obdaril z Donaldom Trumpom kot novim predsednikom) \u017ee posejano, vendar se nikomur ni zdelo vredno, da bi se za to zmenili. Tokrat nameravam razkriti \u0161e globlje korenine dru\u017ebene neenakosti v Ameriki, z osredoto\u010danjem na polo\u017eaj Afroameri\u010danov.\u00ab<br \/>&#8211; Roberto Minervini<\/p>\n","protected":false},"excerpt":{"rendered":"<p>Italijanski re\u017eiser, ki \u017eivi in dela v ZDA, se v igrani formi \u017ee vseskozi posve\u010da Ameriki na socialnem in dru\u017ebenem robu. Zdaj se je prevladujo\u010dega razslojevanja in sistemskega rasizma na jugu dr\u017eave lotil \u0161e dokumentarno.<\/p>\n","protected":false},"featured_media":107576,"template":"","meta":[],"acf":[],"_links":{"self":[{"href":"https:\/\/www.kinodvor.org\/en\/wp-json\/wp\/v2\/movies\/107502"}],"collection":[{"href":"https:\/\/www.kinodvor.org\/en\/wp-json\/wp\/v2\/movies"}],"about":[{"href":"https:\/\/www.kinodvor.org\/en\/wp-json\/wp\/v2\/types\/movie"}],"wp:featuredmedia":[{"embeddable":true,"href":"https:\/\/www.kinodvor.org\/en\/wp-json\/wp\/v2\/media\/107576"}],"wp:attachment":[{"href":"https:\/\/www.kinodvor.org\/en\/wp-json\/wp\/v2\/media?parent=107502"}],"curies":[{"name":"wp","href":"https:\/\/api.w.org\/{rel}","templated":true}]}}

Kaj boš storil, ko bo šel svet k vragu?

<p>Kontrastna črno-bela fotografija ne zmanjšuje sporočilne moči v najrevnejših predelih t. i. <em>bible belta</em>. Minervini je potreboval veliko časa, da mu je lokalna temnopolta skupnost, zaznamovana s travmatičnima izkušnjama (orkanom Katrina 2005 in policijskim ubojem mladeniča 2016) izkazala zaupanje; nastal je neposreden in včasih šokanten portret popolnoma zapostavljene in segregirane temnopolte skupnosti, ljudi globoko pod pragom revščine, katere člani skušajo z združevanjem in lokalnimi iniciativami ohraniti osnovno človeško dostojanstvo.</p>
<p>»Upodobil sem zgodbe o ameriškem Jugu, ki so se pred mojimi očmi dogajale v nepričakovane smeri. Dokumentiral sem skupnosti današnje ameriške družbe, v katerih je bilo seme protiinstitucionalnega, nazadnjaškega gneva (ki je državo obdaril z Donaldom Trumpom kot novim predsednikom) že posejano, vendar se nikomur ni zdelo vredno, da bi se za to zmenili. Tokrat nameravam razkriti še globlje korenine družbene neenakosti v Ameriki, z osredotočanjem na položaj Afroameričanov.«<br />&#8211; Roberto Minervini</p>

<p>Italijanski režiser, ki živi in dela v ZDA, se v igrani formi že vseskozi posveča Ameriki na socialnem in družbenem robu. Zdaj se je prevladujočega razslojevanja in sistemskega rasizma na jugu države lotil še dokumentarno.</p>
